f 832688 and 2272.
1136
Calculate the greatest common divisor of 31559 and 3344.
209
Calculate the greatest common factor of 3485 and 4165.
85
Calculate the highest common factor of 3795 and 143.
11
What is the highest common divisor of 178 and 173906?
178
Calculate the greatest common factor of 744 and 253797.
93
What is the greatest common divisor of 63271 and 31?
31
What is the greatest common divisor of 75421 and 14726?
199
Calculate the highest common divisor of 8003 and 66289.
151
What is the highest common divisor of 48809 and 49?
1
What is the highest common divisor of 141248 and 64?
64
Calculate the greatest common factor of 165116 and 28.
28
Calculate the highest common divisor of 308290 and 110.
10
Calculate the highest common factor of 87709 and 1251.
139
Calculate the greatest common divisor of 176049 and 13113.
279
Calculate the greatest common factor of 5196 and 111.
3
What is the greatest common divisor of 20 and 54430?
10
What is the greatest common factor of 6887 and 639?
71
Calculate the greatest common factor of 2 and 17614.
2
What is the greatest common divisor of 262790 and 70?
10
What is the greatest common divisor of 1311771 and 534?
267
What is the highest common factor of 104 and 1199458?
26
What is the greatest common divisor of 3807 and 8131?
47
Calculate the greatest common factor of 2576 and 197225.
161
Calculate the greatest common divisor of 2614 and 283619.
1307
Calculate the greatest common divisor of 425577 and 381.
381
Calculate the highest common divisor of 1331208 and 288.
72
What is the highest common factor of 4704 and 7266?
42
What is the greatest common factor of 2748726 and 1422?
1422
What is the greatest common factor of 2673 and 363?
33
Calculate the highest common factor of 52096 and 11803.
407
What is the greatest common factor of 2679 and 423?
141
What is the highest common divisor of 73 and 108259?
73
Calculate the highest common factor of 408 and 1088.
136
What is the greatest common factor of 150885 and 45?
45
What is the highest common divisor of 42168 and 280?
56
Calculate the highest common factor of 868312 and 3141.
349
Calculate the greatest common divisor of 9615 and 105.
15
Calculate the greatest common factor of 2073 and 3400411.
691
What is the greatest common factor of 138639 and 6?
3
Calculate the greatest common divisor of 380 and 6830.
10
What is the highest common factor of 420 and 149688?
84
Calculate the highest common divisor of 324127 and 2483.
191
What is the greatest common factor of 1208 and 42431?
151
What is the highest common divisor of 1 and 22119?
1
Calculate the greatest common divisor of 16795 and 145.
5
Calculate the highest common factor of 6179 and 222.
37
What is the highest common factor of 2742 and 114?
6
What is the highest common divisor of 72 and 2824?
8
What is the highest common divisor of 532 and 3041444?
532
Calculate the highest common factor of 1035 and 25645.
115
Calculate the highest common divisor of 1773 and 19700.
197
What is the greatest common factor of 901511 and 155?
31
Calculate the highest common factor of 2948 and 1109185.
737
What is the greatest common factor of 45120 and 180?
60
What is the highest common factor of 1550 and 24?
2
What is the highest common divisor of 43 and 417616?
43
Calculate the highest common divisor of 2577159 and 234.
117
Calculate the highest common divisor of 154 and 21602.
14
Calculate the greatest common factor of 3434 and 808.
202
What is the greatest common factor of 46608 and 1488?
48
What is the highest common divisor of 1296 and 445392?
432
What is the greatest common factor of 100 and 550?
50
What is the greatest common divisor of 2229 and 232559?
743
What is the greatest common divisor of 41886 and 27963?
117
Calculate the greatest common divisor of 59487 and 2923.
79
What is the greatest common factor of 831 and 455942?
277
What is the greatest common divisor of 56772 and 18772?
76
Calculate the greatest common divisor of 150489 and 207.
207
Calculate the greatest common divisor of 4794 and 199750.
1598
What is the highest common divisor of 14802 and 1602?
6
What is the highest common factor of 9 and 183561?
3
What is the highest common factor of 5512 and 4936?
8
Calculate the highest common factor of 1 and 1406385.
1
What is the greatest common factor of 144072 and 1311?
69
What is the highest common divisor of 5799 and 5298353?
1933
Calculate the greatest common factor of 646 and 3213.
17
What is the greatest common factor of 414 and 24219?
207
Calculate the highest common factor of 12 and 405948.
12
What is the greatest common factor of 22649 and 32518?
71
Calculate the highest common divisor of 46 and 5342.
2
What is the greatest common divisor of 46694 and 962?
74
What is the highest common divisor of 114 and 178942?
38
Calculate the greatest common factor of 45 and 118860.
15
What is the greatest common factor of 4664 and 100064?
424
Calculate the highest common divisor of 391 and 2323.
23
What is the highest common divisor of 87089 and 146?
73
Calculate the highest common factor of 54271 and 35.
7
Calculate the highest common divisor of 2047 and 1150.
23
Calculate the highest common divisor of 495 and 101295.
45
What is the greatest common factor of 339380 and 3834?
142
What is the greatest common divisor of 336053 and 874?
437
Calculate the greatest common divisor of 547 and 17.
1
Calculate the greatest common factor of 21057 and 3.
3
What is the greatest common divisor of 11384 and 148?
4
Calculate the highest common divisor of 11370 and 305.
5
What is the highest common factor of 62 and 18321?
31
What is the greatest common divisor of 2450 and 217000?
350
Calculate the greatest common divisor of 45 and 839745.
45
What is the greatest common divisor of 66 and 83457?
33
What is the greatest common divisor of 657145 and 2839?
167
What is the greatest common divisor of 384 and 96128?
128
Calculate the highest common factor of 112 and 785856.
16
Calculate the highest common factor of 6 and 6000.
6
What is the highest common divisor of 6970 and 1640?
410
Calculate the highest common factor of 911 and 58.
1
Calculate the greatest common divisor of 45 and 358380.
45
What is the greatest common factor of 156357 and 108?
27
What is the greatest common factor of 2 and 1018483?
1
Calculate the greatest common factor of 4633840 and 80.
80
Calculate the greatest common divisor of 35760 and 4172.
596
What is the highest common factor of 399 and 18069?
57
What is the highest common divisor of 23 and 178181?
23
Calculate the greatest common divisor of 7788 and 531.
177
Calculate the greatest common divisor of 1 and 269333.
1
Calculate the highest common factor of 133621 and 94.
47
What is the greatest common factor of 130 and 37270?
10
Calculate the greatest common factor of 2215 and 169669.
443
Calculate the highest common factor of 28797 and 3190.
29
What is the greatest common factor of 3519 and 7659?
207
Calculate the highest common factor of 117 and 231439.
13
What is the highest common factor of 92 and 32821?
23
Calculate the greatest common factor of 18235 and 1295.
35
Calculate the highest common factor of 700 and 320180.
140
Calculate the greatest common divisor of 257790 and 390.
390
What is the highest common factor of 1289833 and 563?
563
Calculate the highest common factor of 85 and 53635.
85
What is the greatest common factor of 60 and 331260?
60
What is the highest common factor of 159460 and 140?
140
Calculate the highest common divisor of 7436 and 16.
4
Calculate the highest common factor of 184 and 1980.
4
What is the highest common factor of 351 and 118287?
351
What is the highest common factor of 17 and 7591758?
17
Calculate the highest common divisor of 148 and 3454616.
148
Calculate the highest common divisor of 1137 and 17097069.
1137
Calculate the highest common factor of 5481 and 19206.
9
Calculate the highest common factor of 1020 and 540.
60
What is the highest common factor of 17 and 99263?
17
Calculate the highest common divisor of 74 and 2.
2
What is the greatest common factor of 4068 and 1788?
12
What is the greatest common divisor of 4446 and 61997?
247
What is the highest common factor of 1075 and 247508?
43
What is the highest common divisor of 756 and 108444?
84
Calcula